{"id":641,"date":"2010-04-29T16:57:41","date_gmt":"2010-04-29T20:57:41","guid":{"rendered":"http:\/\/www.storaalgo.se\/?page_id=641"},"modified":"2022-01-17T19:08:35","modified_gmt":"2022-01-17T18:08:35","slug":"salakop","status":"publish","type":"page","link":"http:\/\/www.storaalgo.se\/?page_id=641","title":{"rendered":"S\u00e4lja\/k\u00f6pa"},"content":{"rendered":"\n<p>Anv\u00e4nd g\u00e4rna v\u00e5r Facebookgrupp till detta \u00e4ndam\u00e5l, s\u00f6k p\u00e5 Stora \u00c4lg\u00f6 Tomt\u00e4garef\u00f6rening.  <br><a href=\"https:\/\/www.facebook.com\/groups\/459268707430963\/\">https:\/\/www.facebook.com\/groups\/459268707430963\/<\/a>  <\/p>\n","protected":false},"excerpt":{"rendered":"<p>Anv\u00e4nd g\u00e4rna v\u00e5r Facebookgrupp till detta \u00e4ndam\u00e5l, s\u00f6k p\u00e5 Stora \u00c4lg\u00f6 Tomt\u00e4garef\u00f6rening. https:\/\/www.facebook.com\/groups\/459268707430963\/<\/p>\n","protected":false},"author":4,"featured_media":0,"parent":371,"menu_order":50,"comment_status":"closed","ping_status":"open","template":"","meta":[],"_links":{"self":[{"href":"http:\/\/www.storaalgo.se\/index.php?rest_route=\/wp\/v2\/pages\/641"}],"collection":[{"href":"http:\/\/www.storaalgo.se\/index.php?rest_route=\/wp\/v2\/pages"}],"about":[{"href":"http:\/\/www.storaalgo.se\/index.php?rest_route=\/wp\/v2\/types\/page"}],"author":[{"embeddable":true,"href":"http:\/\/www.storaalgo.se\/index.php?rest_route=\/wp\/v2\/users\/4"}],"replies":[{"embeddable":true,"href":"http:\/\/www.storaalgo.se\/index.php?rest_route=%2Fwp%2Fv2%2Fcomments&post=641"}],"version-history":[{"count":5,"href":"http:\/\/www.storaalgo.se\/index.php?rest_route=\/wp\/v2\/pages\/641\/revisions"}],"predecessor-version":[{"id":1653,"href":"http:\/\/www.storaalgo.se\/index.php?rest_route=\/wp\/v2\/pages\/641\/revisions\/1653"}],"up":[{"embeddable":true,"href":"http:\/\/www.storaalgo.se\/index.php?rest_route=\/wp\/v2\/pages\/371"}],"wp:attachment":[{"href":"http:\/\/www.storaalgo.se\/index.php?rest_route=%2Fwp%2Fv2%2Fmedia&parent=641"}],"curies":[{"name":"wp","href":"https:\/\/api.w.org\/{rel}","templated":true}]}}