{"id":1339,"date":"2015-06-07T11:14:37","date_gmt":"2015-06-07T15:14:37","guid":{"rendered":"http:\/\/www.storaalgo.se\/?page_id=1339"},"modified":"2023-06-18T11:36:44","modified_gmt":"2023-06-18T09:36:44","slug":"regler-for-strandskydd-2015","status":"publish","type":"page","link":"http:\/\/www.storaalgo.se\/?page_id=1339","title":{"rendered":"Regler f\u00f6r strandskydd"},"content":{"rendered":"<ul>\n<li><a href=\"http:\/\/www.storaalgo.se\/wp-content\/uploads\/2015\/06\/L\u00e4nk-till-Naturv\u00e5rdsverkets-rapport-2009.pdf\">L\u00e4nk till Naturv\u00e5rdsverkets rapport 2009<\/a><\/li>\n<li><a href=\"http:\/\/www.storaalgo.se\/wp-content\/uploads\/2015\/06\/Beslut-f\u00f6r-11-123-14-75.pdf\">Beslut f\u00f6r 11 123-14-75<\/a><\/li>\n<li><a href=\"http:\/\/www.storaalgo.se\/wp-content\/uploads\/2015\/06\/Beslut-204-94-27906.pdf\">Beslut 204-94-27906<\/a><\/li>\n<\/ul>\n","protected":false},"excerpt":{"rendered":"<p>L\u00e4nk till Naturv\u00e5rdsverkets rapport 2009 Beslut f\u00f6r 11 123-14-75 Beslut 204-94-27906<\/p>\n","protected":false},"author":4,"featured_media":0,"parent":63,"menu_order":32,"comment_status":"closed","ping_status":"open","template":"","meta":[],"_links":{"self":[{"href":"http:\/\/www.storaalgo.se\/index.php?rest_route=\/wp\/v2\/pages\/1339"}],"collection":[{"href":"http:\/\/www.storaalgo.se\/index.php?rest_route=\/wp\/v2\/pages"}],"about":[{"href":"http:\/\/www.storaalgo.se\/index.php?rest_route=\/wp\/v2\/types\/page"}],"author":[{"embeddable":true,"href":"http:\/\/www.storaalgo.se\/index.php?rest_route=\/wp\/v2\/users\/4"}],"replies":[{"embeddable":true,"href":"http:\/\/www.storaalgo.se\/index.php?rest_route=%2Fwp%2Fv2%2Fcomments&post=1339"}],"version-history":[{"count":6,"href":"http:\/\/www.storaalgo.se\/index.php?rest_route=\/wp\/v2\/pages\/1339\/revisions"}],"predecessor-version":[{"id":2166,"href":"http:\/\/www.storaalgo.se\/index.php?rest_route=\/wp\/v2\/pages\/1339\/revisions\/2166"}],"up":[{"embeddable":true,"href":"http:\/\/www.storaalgo.se\/index.php?rest_route=\/wp\/v2\/pages\/63"}],"wp:attachment":[{"href":"http:\/\/www.storaalgo.se\/index.php?rest_route=%2Fwp%2Fv2%2Fmedia&parent=1339"}],"curies":[{"name":"wp","href":"https:\/\/api.w.org\/{rel}","templated":true}]}}